{"id":1044,"date":"2021-06-02T13:00:27","date_gmt":"2021-06-02T11:00:27","guid":{"rendered":"https:\/\/www.wood-design.at\/?post_type=product&#038;p=1044"},"modified":"2024-08-23T12:40:02","modified_gmt":"2024-08-23T10:40:02","slug":"briefoeffner-maulbeerbaum","status":"publish","type":"product","link":"https:\/\/www.wood-design.at\/?product=briefoeffner-maulbeerbaum","title":{"rendered":"Brief\u00f6ffner &#8220;Maulbeerbaum&#8221;"},"content":{"rendered":"","protected":false},"excerpt":{"rendered":"<p>Gelbes Holz<br \/>\nDer Ursprung des Maulbeerbaumes liegt in den subtropischen Regionen der Nordhalbkugel. Mittlerweile sind sie aber auch schon in allen w\u00e4rmeren Regionen Europas stark verbreitet. Auch hier zu lande findet man immer wieder mal die Gattung des wei\u00dfen Maulbeerbaumes, haupts\u00e4chlich in Parkanlagen. Das Holz des Maulbeerbaumes hat eine gelblich-wei\u00dfe Maserung und wird aufgrund seiner H\u00e4rte und guten Polierf\u00e4higkeit hoch gesch\u00e4tzt. Es dient im Mittelmeergebiet zur Herstellung von Schnaps- oder Weinf\u00e4ssern und auch f\u00fcr den Instrumentenbau findet es seine Verwendung. Auch wir haben dieses sch\u00f6ne Holz f\u00fcr uns entdeckt und verwenden es f\u00fcr unsere Arbeiten.<\/p>\n","protected":false},"featured_media":1045,"comment_status":"open","ping_status":"closed","template":"","meta":[],"class_list":{"0":"post-1044","1":"product","2":"type-product","3":"status-publish","4":"has-post-thumbnail","6":"product_cat-briefoeffner","8":"first","9":"instock","10":"taxable","11":"shipping-taxable","12":"purchasable","13":"product-type-simple"},"_links":{"self":[{"href":"https:\/\/www.wood-design.at\/index.php?rest_route=\/wp\/v2\/product\/1044","targetHints":{"allow":["GET"]}}],"collection":[{"href":"https:\/\/www.wood-design.at\/index.php?rest_route=\/wp\/v2\/product"}],"about":[{"href":"https:\/\/www.wood-design.at\/index.php?rest_route=\/wp\/v2\/types\/product"}],"replies":[{"embeddable":true,"href":"https:\/\/www.wood-design.at\/index.php?rest_route=%2Fwp%2Fv2%2Fcomments&post=1044"}],"wp:featuredmedia":[{"embeddable":true,"href":"https:\/\/www.wood-design.at\/index.php?rest_route=\/wp\/v2\/media\/1045"}],"wp:attachment":[{"href":"https:\/\/www.wood-design.at\/index.php?rest_route=%2Fwp%2Fv2%2Fmedia&parent=1044"}],"curies":[{"name":"wp","href":"https:\/\/api.w.org\/{rel}","templated":true}]}}