{"id":1862,"date":"2023-05-07T10:13:20","date_gmt":"2023-05-07T08:13:20","guid":{"rendered":"https:\/\/www.wood-design.at\/?post_type=product&#038;p=1862"},"modified":"2026-04-27T23:56:46","modified_gmt":"2026-04-27T21:56:46","slug":"korkenzieher-gestockte-birke","status":"publish","type":"product","link":"https:\/\/www.wood-design.at\/?product=korkenzieher-gestockte-birke","title":{"rendered":"Korkenzieher &#8220;gestockte Birke&#8221;"},"content":{"rendered":"","protected":false},"excerpt":{"rendered":"<p>Dieser Korkenzieher wurde aus einem gestockten Birkenholz handgedrechselt. Unter \u201cgestockt\u201d versteht man, den Vorgang des vermorschen des Holzes. Hierbei sch\u00fcttet das Holz Gerbs\u00e4ure aus und gibt dem Holz so eine einzigartige Zeichnung. Es entstehen im Holz daher dunklere und hellere Stellen was immer ganz unterschiedlich aussieht. Das Holz wurde von mir mit einem speziellen Harz stabilisiert damit es wieder an Festigkeit erlangt und man es bearbeiten kann. Achtung: Man erh\u00e4lt nicht das abgebildete St\u00fcck , aufgrund der Maserung, sondern ein \u00e4hnliches St\u00fcck was mal mehr oder wenige dunklere Stellen hat. Aber auf jeden Fall ein Unikat mit einem kleinen \u00dcberraschungseffekt.<\/p>\n","protected":false},"featured_media":1863,"comment_status":"open","ping_status":"closed","template":"","meta":[],"class_list":{"0":"post-1862","1":"product","2":"type-product","3":"status-publish","4":"has-post-thumbnail","6":"product_cat-korkenzieherflaschenverschluss","8":"first","9":"instock","10":"taxable","11":"shipping-taxable","12":"purchasable","13":"product-type-simple"},"_links":{"self":[{"href":"https:\/\/www.wood-design.at\/index.php?rest_route=\/wp\/v2\/product\/1862","targetHints":{"allow":["GET"]}}],"collection":[{"href":"https:\/\/www.wood-design.at\/index.php?rest_route=\/wp\/v2\/product"}],"about":[{"href":"https:\/\/www.wood-design.at\/index.php?rest_route=\/wp\/v2\/types\/product"}],"replies":[{"embeddable":true,"href":"https:\/\/www.wood-design.at\/index.php?rest_route=%2Fwp%2Fv2%2Fcomments&post=1862"}],"wp:featuredmedia":[{"embeddable":true,"href":"https:\/\/www.wood-design.at\/index.php?rest_route=\/wp\/v2\/media\/1863"}],"wp:attachment":[{"href":"https:\/\/www.wood-design.at\/index.php?rest_route=%2Fwp%2Fv2%2Fmedia&parent=1862"}],"curies":[{"name":"wp","href":"https:\/\/api.w.org\/{rel}","templated":true}]}}