{"id":400,"date":"2021-04-17T11:00:57","date_gmt":"2021-04-17T09:00:57","guid":{"rendered":"http:\/\/www.wood-design.at\/wp\/?post_type=product&#038;p=400"},"modified":"2022-12-20T09:48:44","modified_gmt":"2022-12-20T08:48:44","slug":"druckbleistift-wooden","status":"publish","type":"product","link":"https:\/\/www.wood-design.at\/?product=druckbleistift-wooden","title":{"rendered":"Druckbleistift &#8220;Wooden&#8221;"},"content":{"rendered":"","protected":false},"excerpt":{"rendered":"<p><span data-sheets-value=\"{&quot;1&quot;:2,&quot;2&quot;:&quot;Druckbleistift mit konisch geformten Griffst\u00fcck mit einer 0,7mm starken Mine. Die Metallteile sind&quot;}\" data-sheets-userformat=\"{&quot;2&quot;:513,&quot;3&quot;:{&quot;1&quot;:0},&quot;12&quot;:0}\">Druckbleistift mit konisch geformten Griffst\u00fcck und hochwertiger Druckmechanik.\u00a0 Die Metallteile sind <\/span><span data-sheets-value=\"{&quot;1&quot;:2,&quot;2&quot;:&quot;aus hochwertig verchromten Edelstahl. Lackierung eh scho wissen :-)&quot;}\" data-sheets-userformat=\"{&quot;2&quot;:513,&quot;3&quot;:{&quot;1&quot;:0},&quot;12&quot;:0}\">aus verchromten Edelstahl hergestellt. Der Druckbleistift ist mit einem wasserbasierten Lack behandelt und so gegen Abnutzung gesch\u00fctzt. Die Minenst\u00e4rke betr\u00e4gt 0.7 mm und sind in jedem Papierfachgesch\u00e4ft erh\u00e4ltlich.<\/span><\/p>\n","protected":false},"featured_media":975,"comment_status":"open","ping_status":"closed","template":"","meta":[],"class_list":{"0":"post-400","1":"product","2":"type-product","3":"status-publish","4":"has-post-thumbnail","6":"product_cat-schreibgeraete","8":"first","9":"instock","10":"taxable","11":"shipping-taxable","12":"purchasable","13":"product-type-variable"},"_links":{"self":[{"href":"https:\/\/www.wood-design.at\/index.php?rest_route=\/wp\/v2\/product\/400","targetHints":{"allow":["GET"]}}],"collection":[{"href":"https:\/\/www.wood-design.at\/index.php?rest_route=\/wp\/v2\/product"}],"about":[{"href":"https:\/\/www.wood-design.at\/index.php?rest_route=\/wp\/v2\/types\/product"}],"replies":[{"embeddable":true,"href":"https:\/\/www.wood-design.at\/index.php?rest_route=%2Fwp%2Fv2%2Fcomments&post=400"}],"wp:featuredmedia":[{"embeddable":true,"href":"https:\/\/www.wood-design.at\/index.php?rest_route=\/wp\/v2\/media\/975"}],"wp:attachment":[{"href":"https:\/\/www.wood-design.at\/index.php?rest_route=%2Fwp%2Fv2%2Fmedia&parent=400"}],"curies":[{"name":"wp","href":"https:\/\/api.w.org\/{rel}","templated":true}]}}