{"id":453,"date":"2021-04-18T14:03:22","date_gmt":"2021-04-18T12:03:22","guid":{"rendered":"http:\/\/www.wood-design.at\/wp\/?post_type=product&#038;p=453"},"modified":"2024-04-23T15:13:28","modified_gmt":"2024-04-23T13:13:28","slug":"fuellfeder-gentleman-junior","status":"publish","type":"product","link":"https:\/\/www.wood-design.at\/?product=fuellfeder-gentleman-junior","title":{"rendered":"F\u00fcllfeder &#8220;Gentleman Junior&#8221;"},"content":{"rendered":"","protected":false},"excerpt":{"rendered":"<p><span data-sheets-value=\"{&quot;1&quot;:2,&quot;2&quot;:&quot;Unsere F\u00fcllfeder bestechen in ihrem edlen Holzdesign und sind mit einer hochwertigen&quot;}\" data-sheets-userformat=\"{&quot;2&quot;:513,&quot;3&quot;:{&quot;1&quot;:0},&quot;12&quot;:0}\">Unsere F\u00fcllfedern bestechen in ihrem edlen Holzdesign und sind mit einer hochwertigen<\/span><span data-sheets-value=\"{&quot;1&quot;:2,&quot;2&quot;:&quot;18karat vergoldeten Titanium -Iridium Feder ausgestattet. Die F\u00fcllung erfolgt mit herk\u00f6mmlichen&quot;}\" data-sheets-userformat=\"{&quot;2&quot;:513,&quot;3&quot;:{&quot;1&quot;:0},&quot;12&quot;:0}\"> und sehr robusten Titanium-Iridium Feder ausgestattet. Die F\u00fcllung erfolgt mit herk\u00f6mmlichen Tintenpatronen diverser Marken. Jedes St\u00fcck ist in Handarbeit hergestellt und aufgrund des verschiedenen Maserverlaufs der jeweiligen Holzart ein Unikat. Erleben sie hiermit ein einzigartiges Schreibgef\u00fchl!<\/span><\/p>\n","protected":false},"featured_media":1423,"comment_status":"open","ping_status":"closed","template":"","meta":[],"class_list":{"0":"post-453","1":"product","2":"type-product","3":"status-publish","4":"has-post-thumbnail","6":"product_cat-schreibgeraete","8":"first","9":"instock","10":"taxable","11":"shipping-taxable","12":"purchasable","13":"product-type-variable"},"_links":{"self":[{"href":"https:\/\/www.wood-design.at\/index.php?rest_route=\/wp\/v2\/product\/453","targetHints":{"allow":["GET"]}}],"collection":[{"href":"https:\/\/www.wood-design.at\/index.php?rest_route=\/wp\/v2\/product"}],"about":[{"href":"https:\/\/www.wood-design.at\/index.php?rest_route=\/wp\/v2\/types\/product"}],"replies":[{"embeddable":true,"href":"https:\/\/www.wood-design.at\/index.php?rest_route=%2Fwp%2Fv2%2Fcomments&post=453"}],"wp:featuredmedia":[{"embeddable":true,"href":"https:\/\/www.wood-design.at\/index.php?rest_route=\/wp\/v2\/media\/1423"}],"wp:attachment":[{"href":"https:\/\/www.wood-design.at\/index.php?rest_route=%2Fwp%2Fv2%2Fmedia&parent=453"}],"curies":[{"name":"wp","href":"https:\/\/api.w.org\/{rel}","templated":true}]}}