{"id":489,"date":"2021-04-18T15:42:39","date_gmt":"2021-04-18T13:42:39","guid":{"rendered":"http:\/\/www.wood-design.at\/wp\/?post_type=product&#038;p=489"},"modified":"2025-12-09T15:36:28","modified_gmt":"2025-12-09T14:36:28","slug":"korkenzieher-maserbirke","status":"publish","type":"product","link":"https:\/\/www.wood-design.at\/?product=korkenzieher-maserbirke","title":{"rendered":"Korkenzieher &#8220;Maserbirke&#8221;"},"content":{"rendered":"","protected":false},"excerpt":{"rendered":"<p>Nordische Sch\u00f6nheit<br \/>\nDas Holz der Maser Birke ist haupts\u00e4chlich in den Skandinavischen L\u00e4ndern wie etwa, Norwegen, Schweden oder auch Finnland beheimatet. Unter anderem kommt es aber auch in L\u00e4ndern Osteuropas vor. Das eher helle Holz der Birke ist hier mit einer wundersch\u00f6nen dunklen punktuellen und linearen Maserung durchsetzt. Durch diese einzigartige Maserung ist jedes St\u00fcck ein Unikat und keines gleicht dem anderen!<\/p>\n","protected":false},"featured_media":1864,"comment_status":"open","ping_status":"closed","template":"","meta":[],"class_list":{"0":"post-489","1":"product","2":"type-product","3":"status-publish","4":"has-post-thumbnail","6":"product_cat-korkenzieherflaschenverschluss","8":"first","9":"instock","10":"taxable","11":"shipping-taxable","12":"purchasable","13":"product-type-simple"},"_links":{"self":[{"href":"https:\/\/www.wood-design.at\/index.php?rest_route=\/wp\/v2\/product\/489","targetHints":{"allow":["GET"]}}],"collection":[{"href":"https:\/\/www.wood-design.at\/index.php?rest_route=\/wp\/v2\/product"}],"about":[{"href":"https:\/\/www.wood-design.at\/index.php?rest_route=\/wp\/v2\/types\/product"}],"replies":[{"embeddable":true,"href":"https:\/\/www.wood-design.at\/index.php?rest_route=%2Fwp%2Fv2%2Fcomments&post=489"}],"wp:featuredmedia":[{"embeddable":true,"href":"https:\/\/www.wood-design.at\/index.php?rest_route=\/wp\/v2\/media\/1864"}],"wp:attachment":[{"href":"https:\/\/www.wood-design.at\/index.php?rest_route=%2Fwp%2Fv2%2Fmedia&parent=489"}],"curies":[{"name":"wp","href":"https:\/\/api.w.org\/{rel}","templated":true}]}}