{"id":524,"date":"2021-04-18T16:53:10","date_gmt":"2021-04-18T14:53:10","guid":{"rendered":"http:\/\/www.wood-design.at\/wp\/?post_type=product&#038;p=524"},"modified":"2024-08-26T09:01:05","modified_gmt":"2024-08-26T07:01:05","slug":"rollerball-magnet","status":"publish","type":"product","link":"https:\/\/www.wood-design.at\/?product=rollerball-magnet","title":{"rendered":"Rollerball &#8220;Magnet&#8221;"},"content":{"rendered":"","protected":false},"excerpt":{"rendered":"<p>Handgefertigter Rollerball in edlen Design!<\/p>\n<p>Die Verschlusskappe bei diesem Rollerball hat einen praktischen Magnetverschluss, der auch r\u00fcckseitig an das Schreibger\u00e4t angesteckt werden kann. Somit erhalten Sie ein besseres Schreibgef\u00fchl. Die Metallteile sind aus hochwertig verchromten Edelstahl hergestellt. Die Minen sind austauschbar und in g\u00e4ngigen Papierfachgesch\u00e4ften\u00a0 in diversen Farben erh\u00e4ltlich.<\/p>\n","protected":false},"featured_media":1233,"comment_status":"open","ping_status":"closed","template":"","meta":[],"class_list":{"0":"post-524","1":"product","2":"type-product","3":"status-publish","4":"has-post-thumbnail","6":"product_cat-schreibgeraete","8":"first","9":"instock","10":"taxable","11":"shipping-taxable","12":"purchasable","13":"product-type-variable"},"_links":{"self":[{"href":"https:\/\/www.wood-design.at\/index.php?rest_route=\/wp\/v2\/product\/524","targetHints":{"allow":["GET"]}}],"collection":[{"href":"https:\/\/www.wood-design.at\/index.php?rest_route=\/wp\/v2\/product"}],"about":[{"href":"https:\/\/www.wood-design.at\/index.php?rest_route=\/wp\/v2\/types\/product"}],"replies":[{"embeddable":true,"href":"https:\/\/www.wood-design.at\/index.php?rest_route=%2Fwp%2Fv2%2Fcomments&post=524"}],"wp:featuredmedia":[{"embeddable":true,"href":"https:\/\/www.wood-design.at\/index.php?rest_route=\/wp\/v2\/media\/1233"}],"wp:attachment":[{"href":"https:\/\/www.wood-design.at\/index.php?rest_route=%2Fwp%2Fv2%2Fmedia&parent=524"}],"curies":[{"name":"wp","href":"https:\/\/api.w.org\/{rel}","templated":true}]}}